
607
Calculate the greatest common divisor of 51190544 and 16.
16
Calculate the highest common divisor of 22125 and 5585875.
125
What is the greatest common divisor of 257195852 and 60412?
5492
What is the highest common factor of 157524 and 6502?
2
What is the greatest common factor of 209 and 6131147?
11
What is the greatest common factor of 66276 and 20508?
12
Calculate the greatest common factor of 3245 and 58459324.
649
What is the highest common factor of 11812660 and 4268?
388
Calculate the greatest common factor of 18432 and 9024192.
576
Calculate the greatest common factor of 127338 and 2622.
114
What is the highest common factor of 23116954 and 126?
14
What is the greatest common factor of 5982896 and 77328?
2864
Calculate the greatest common factor of 23830794 and 546.
78
What is the greatest common factor of 45 and 43279065?
45
Calculate the greatest common factor of 31179944 and 112.
8
What is the greatest common factor of 196338961 and 203?
203
Calculate the highest common divisor of 2068 and 408188.
44
What is the greatest common factor of 466531 and 787403?
2111
What is the greatest common divisor of 4389 and 860700?
57
Calculate the greatest common factor of 94191 and 40203.
3
Calculate the greatest common divisor of 27 and 1409106.
3
Calculate the greatest common divisor of 45133 and 94985.
121
What is the highest common divisor of 2235625 and 14308?
3577
What is the greatest common factor of 96779940 and 315?
15
Calculate the greatest common factor of 22 and 22108770.
2
Calculate the highest common factor of 120600 and 2530.
10
What is the greatest common factor of 71422 and 6683?
41
Calculate the greatest common divisor of 463986 and 716220.
3114
What is the highest common divisor of 34784760 and 28035?
1335
What is the highest common divisor of 2 and 11313461?
1
What is the highest common factor of 3246197 and 1219?
1219
Calculate the highest common factor of 405 and 75907575.
45
Calculate the highest common divisor of 7076 and 959164.
244
What is the greatest common factor of 34770 and 7694052?
366
What is the greatest common divisor of 4914 and 932490?
234
Calculate the greatest common factor of 228 and 3246648.
12
What is the highest common factor of 37490929 and 12691?
343
Calculate the highest common factor of 24056 and 62840.
8
Calculate the greatest common divisor of 1492498 and 34442.
34
What is the highest common divisor of 10 and 257903590?
10
What is the greatest common divisor of 6590800 and 575?
25
Calculate the highest common factor of 8951704 and 25064.
1928
Calculate the greatest common divisor of 8828190 and 52938.
3114
What is the highest common divisor of 446569610 and 138?
46
What is the greatest common factor of 32 and 857836448?
32
What is the highest common factor of 39459 and 427?
7
What is the greatest common divisor of 18894744 and 1584?
792
Calculate the highest common factor of 550796334 and 66.
66
Calculate the greatest common divisor of 40000 and 338560.
320
Calculate the highest common divisor of 11905 and 2054803.
2381
What is the greatest common divisor of 831818 and 546342?
4922
What is the highest common divisor of 98872 and 307700?
68
Calculate the greatest common factor of 145200633 and 483.
69
Calculate the highest common factor of 12952290 and 12870.
390
What is the greatest common factor of 3235 and 2363?
1
What is the greatest common divisor of 103090 and 1274290?
610
What is the highest common factor of 294 and 1291434?
6
What is the highest common divisor of 56 and 544455926?
14
Calculate the greatest common divisor of 1363890697 and 271.
271
Calculate the highest common divisor of 839027186 and 1434.
478
Calculate the highest common divisor of 62071860 and 36.
12
What is the highest common factor of 7183831 and 329039?
1123
What is the greatest common factor of 3479 and 20180209?
49
What is the greatest common factor of 35279352 and 342?
342
What is the highest common factor of 1512 and 135836568?
1512
Calculate the highest common divisor of 38280 and 138660.
60
Calculate the greatest common divisor of 251 and 47112449.
251
Calculate the greatest common factor of 13352818 and 174.
58
Calculate the greatest common factor of 12 and 210770124.
12
What is the greatest common factor of 2377 and 363200846?
2377
What is the highest common factor of 27 and 498123918?
27
What is the greatest common factor of 4 and 15004706?
2
Calculate the highest common factor of 412168916 and 2780.
556
What is the greatest common divisor of 7962 and 57521469?
3981
Calculate the greatest common divisor of 134231 and 2959070.
499
What is the highest common divisor of 133578597 and 129?
129
What is the highest common factor of 289787 and 207638?
197
What is the highest common factor of 146614356 and 16308?
5436
What is the highest common divisor of 20 and 2524415?
5
Calculate the highest common divisor of 26859940 and 290.
10
Calculate the highest common factor of 277614928 and 3716.
3716
Calculate the highest common factor of 228 and 327052434.
114
What is the greatest common factor of 177 and 24129702?
177
What is the highest common divisor of 248 and 18153166?
62
Calculate the greatest common divisor of 25204676 and 952.
476
Calculate the greatest common factor of 28 and 26204787.
7
Calculate the highest common divisor of 1400 and 496153.
7
Calculate the greatest common factor of 1040 and 15242240.
1040
What is the highest common factor of 143610064 and 624?
208
Calculate the highest common factor of 18899915 and 755.
755
Calculate the highest common divisor of 3 and 19489989.
3
What is the highest common factor of 1883 and 6888?
7
What is the greatest common factor of 219381880 and 32?
8
What is the greatest common divisor of 22266189 and 3366?
99
What is the greatest common factor of 250 and 35675875?
125
What is the greatest common factor of 17059220 and 195?
5
Calculate the greatest common factor of 943688 and 18452.
2636
Calculate the highest common divisor of 372475688 and 65.
13
Calculate the highest common factor of 275 and 38967500.
275
What is the highest common divisor of 953 and 97000152?
953
What is the highest common divisor of 293771340 and 540?
540
What is the highest common divisor of 26512830 and 143370?
5310
What is the greatest common divisor of 35763 and 16837275?
273
Calculate the highest common factor of 20572 and 74301616.
556
Calculate the highest common factor of 4668 and 10205.
1
Calculate the greatest common divisor of 300 and 6522.
6
Calculate the highest common factor of 468 and 1949636.
52
What is the greatest common factor of 214509040 and 19164?
6388
Calculate the greatest common factor of 12038790 and 320.
10
What is the highest common factor of 8484 and 873012?
84
Calculate the greatest common factor of 606402 and 20216826.
10278
Calculate the highest common divisor of 177 and 2388094089.
177
What is the greatest common factor of 114654 and 1777728?
1182
Calculate the highest common factor of 12019 and 3451.
119
Calculate the highest common divisor of 1461918796 and 164.
164
Calculate the highest common divisor of 34678 and 53805394.
4954
Calculate the highest common factor of 19318629 and 132.
33
Calculate the highest common factor of 32236435 and 2960.
185
Calculate the greatest common divisor of 11826 and 1874043.
27
Calculate the highest common factor of 23496788 and 1428.
476
Calculate the greatest common factor of 15134 and 75119771.
1081
What is the greatest common factor of 44100 and 22428?
252
Calculate the highest common divisor of 1012128867 and 4891.
4891
What is the highest common divisor of 77344050 and 105?
105
What is the greatest common divisor of 7200 and 23980032?
288
Calculate the highest common factor of 769428 and 4092.
132
Calculate the greatest common divisor of 33302185 and 280.
35
What is the greatest common divisor of 1334 and 39092?
58
What is the greatest common divisor of 872625 and 33375?
375
Calculate the greatest common factor of 29368 and 58372571.
3671
Calculate the highest common factor of 318461 and 495363.
187
Calculate the greatest common factor of 11511592 and 828.
92
What is the highest common factor of 566 and 31873158?
566
What is the highest common factor of 31680 and 408870?
990
What is the greatest common divisor of 66